{"id":3,"date":"2023-06-24T15:26:51","date_gmt":"2023-06-24T13:26:51","guid":{"rendered":"http:\/\/boebi.hu\/?page_id=3"},"modified":"2024-05-19T13:06:24","modified_gmt":"2024-05-19T11:06:24","slug":"aszf","status":"publish","type":"page","link":"https:\/\/boebi.hu\/index.php\/aszf\/","title":{"rendered":"\u00c1ltal\u00e1nos Szerz\u0151d\u00e9si Felt\u00e9telek Elektromos ker\u00e9kp\u00e1rok b\u00e9rbead\u00e1s\u00e1hoz"},"content":{"rendered":"<div class=\"vgblk-rw-wrapper limit-wrapper\">\n\n\tJelen \u00c1ltal\u00e1nos Szerz\u0151d\u00e9si Felt\u00e9telek Elektromos ker\u00e9kp\u00e1rok b\u00e9rbead\u00e1s\u00e1hoz tartalmazz\u00e1k a Boebi Bike brandet kiszolg\u00e1l\u00f3 D.I.B. Nonprofit Kft. (c\u00e9gjegyz\u00e9ksz\u00e1m: 13 09 180202, ad\u00f3sz\u00e1m: 25517682-2-13, sz\u00e9khely: 2631 Ipolydam\u00e1sd, F\u0151 \u00fat 16.,tov\u00e1bbiakban: Boebi Bike) tulajdon\u00e1ban l\u00e9v\u0151 elektromos ker\u00e9kp\u00e1rokra vonatkoz\u00f3 b\u00e9rl\u00e9si szab\u00e1lyokat.<br \/>\nSzolg\u00e1ltat\u00f3 (b\u00e9rbead\u00f3) a Boebi Bike, \u00e9s a k\u00f6lcs\u00f6nz\u0151 szem\u00e9ly a B\u00e9rl\u0151.\n<strong>1. Kapcsolat<\/strong><br \/>\nAz esetleges felmer\u00fcl\u0151 ig\u00e9nyeket, k\u00e9rd\u00e9seket, panaszokat a k\u00f6vetkez\u0151 kapcsolati lehet\u0151s\u00e9geken lehetig\u00e9nybe venni:<br \/>\nemail: hello@boebi.hu<br \/>\nTelefon: +36303362279\n<strong>2. \u00c1ltal\u00e1nos szab\u00e1lyok<\/strong><br \/>\nB\u00e9rl\u00e9si id\u0151szak: Minden \u00e9v janu\u00e1r 1. \u00e9s december 31. k\u00f6z\u00f6tt.<br \/>\nSzolg\u00e1ltat\u00f3 ker\u00e9kp\u00e1rjait b\u00e9relni lehet az Boebi Bike \u00e1ltal szervezett t\u00far\u00e1kra, illetve mag\u00e1n c\u00e9lra is. Minim\u00e1lis k\u00f6lcs\u00f6nz\u00e9si id\u0151 4 \u00f3ra (nyitva tart\u00e1si id\u0151t jelenti 10-20 \u00f3r\u00e1ig). El\u0151re egyeztetetten m\u00e1s id\u0151pontban is kiad\u00e1sra ker\u00fclhet az e-bike.<br \/>\nB\u00e9rbead\u00f3 fenntartja a jogot, hogy a b\u00e9rl\u00e9si id\u0151szakot megv\u00e1ltoztassa, sz\u00fcneteltesse vagy id\u0151szakosan<br \/>\nle\u00e1ll\u00edtsa.\n<strong>3. A ker\u00e9kp\u00e1rok felszerel\u00e9se, tiszt\u00edt\u00e1sa<\/strong><br \/>\nA ker\u00e9kp\u00e1rokat a b\u00e9rbead\u00f3 letiszt\u00edtva, \u00fczemk\u00e9pes \u00e1llapotban adja \u00e1t a b\u00e9rl\u0151nek. A b\u00e9rl\u0151 a k\u00f6lcs\u00f6nz\u00e9si id\u0151 v\u00e9g\u00e9n a ker\u00e9kp\u00e1rt k\u00f6teles ugyan\u00edgy letiszt\u00edtva, \u00fczemk\u00e9pes \u00e1llapotban visszaadni.<br \/>\nA ker\u00e9kp\u00e1rok biztons\u00e1gi felszerel\u00e9s\u00e9hez tartozik az els\u0151 \u00e9s a h\u00e1ts\u00f3 vil\u00e1g\u00edt\u00e1s, a cseng\u0151, a prizma.<br \/>\nA ker\u00e9kp\u00e1r b\u00e9rl\u00e9sekor a b\u00e9rl\u0151 megkapja a ker\u00e9kp\u00e1rt, f\u00e9l napn\u00e1l hosszabb k\u00f6lcs\u00f6nz\u00e9s eset\u00e9n az akkumul\u00e1torhoz tartoz\u00f3 t\u00f6lt\u0151t.<br \/>\nA KRESZ \u00e1ltal el\u0151\u00edrt, a forgalomban val\u00f3 r\u00e9szv\u00e9telhez sz\u00fcks\u00e9ges (egy\u00e9b) felszerel\u00e9seket egyedi felt\u00e9telek mellett biztos\u00edtunk. Az ennek hi\u00e1ny\u00e1b\u00f3l ad\u00f3d\u00f3 esetleges b\u00edrs\u00e1got a b\u00e9rl\u0151nek kell fizetnie.<br \/>\nBuk\u00f3sisak \u00e9s l\u00e1that\u00f3s\u00e1gi mell\u00e9ny a k\u00f6lcs\u00f6nz\u0151ben b\u00e9relhet\u0151. Buk\u00f3sisak haszn\u00e1lata k\u00f6telez\u0151!\n<strong>4. A b\u00e9rl\u00e9s folyamata, b\u00e9rl\u00e9si szab\u00e1lyok<\/strong><br \/>\nA k\u00f6lcs\u00f6nz\u00e9shez a b\u00e9rl\u0151nek ki kell t\u00f6lteni a b\u00e9rleti szerz\u0151d\u00e9s elnevez\u00e9s\u0171 nyomtatv\u00e1nyt, melyet a<br \/>\nhonlapr\u00f3l is let\u00f6lthet, illetve az \u00e1tv\u00e9tel hely\u00e9n is \u00e1tvehet. Az \u0171rlap kit\u00f6lt\u00e9se k\u00f6telez\u0151. Az \u0171rlapon<br \/>\nszerepelnek k\u00f6telez\u0151en megadott elemek. Az \u0171rlap hib\u00e1s kit\u00f6lt\u00e9s\u00e9\u00e9rt vagy az abb\u00f3l fakad\u00f3<br \/>\nk\u00f6lts\u00e9gek\u00e9rt a kit\u00f6lt\u0151 felel. Az \u0171rlapon megadott adatokat az adatv\u00e9delmi szab\u00e1lyaink szerint<br \/>\nt\u00f6rv\u00e9nyesen \u00e9s biztons\u00e1gosan kezelj\u00fck. Ennek vonatkoz\u00e1s\u00e1ban b\u00e9rl\u0151 kifejezetten hozz\u00e1j\u00e1rul, hogy B\u00e9rbead\u00f3 az \u00edgy rendelkez\u00e9sre bocs\u00e1tott szem\u00e9lyes adatait a b\u00e9rleti jogviszony l\u00e9trej\u00f6tte \u00e9s ellen\u0151rz\u00e9se c\u00e9lj\u00e1b\u00f3l kezelje.<br \/>\nAz \u0171rlap kit\u00f6lt\u00e9s ut\u00e1n az Boebi Bike k\u00e9pvisel\u0151je jelentkezik a b\u00e9rl\u0151n\u00e9l, tiszt\u00e1zz\u00e1k a r\u00e9szleteket \u00e9s a sz\u00f3ban megbesz\u00e9ltek szerint a k\u00f6lcs\u00f6nz\u00e9sre lehet\u0151s\u00e9g ny\u00edlik.<br \/>\nA ker\u00e9kp\u00e1rokat el\u0151re egyeztetett id\u0151pontban Ipolydam\u00e1zsdon a Boebi Bike k\u00f6zpontj\u00e1ban (2631 Ipolydam\u00e1zsd, F\u0151 utca 74.) nyitvatart\u00e1si id\u0151ben lehet \u00e1tvenni.\nA ker\u00e9kp\u00e1r k\u00f6lcs\u00f6nz\u00e9se csak 18 \u00e9ves kor felett lehets\u00e9ges. D.I.B. Nonprofit Kft. t\u00e1j\u00e9koztatja a<br \/>\nb\u00e9rl\u0151it, hogy kiskor\u00faak esetleges r\u00e9szv\u00e9tele eset\u00e9n azok magatart\u00e1s\u00e1\u00e9rt els\u0151sorban a jelenl\u00e9v\u0151 feln\u0151tt k\u00eds\u00e9r\u0151j\u00fck, annak hi\u00e1ny\u00e1ban pedig a ker\u00e9kp\u00e1rt b\u00e9rl\u0151 a felel\u0151s.<br \/>\nA k\u00f6lcs\u00f6nz\u00e9s felt\u00e9telei:<br \/>\n\u00c9rv\u00e9nyes szem\u00e9lyes irat (szem\u00e9lyi igazolv\u00e1ny\/ jogos\u00edtv\u00e1ny\/ \u00fatlev\u00e9l) bemutat\u00e1sa. Az iratok<br \/>\nf\u00e9nym\u00e1sol\u00e1sa vagy lefot\u00f3z\u00e1sa, A k\u00f6lcs\u00f6nz\u00e9si d\u00edj \u00e9s a kauci\u00f3 kifizet\u00e9se, A b\u00e9rleti szerz\u0151d\u00e9s kit\u00f6lt\u00e9se \u00e9s al\u00e1\u00edr\u00e1sa.<br \/>\nA b\u00e9rl\u0151 a b\u00e9rbead\u00f3val egy\u00fctt k\u00f6teles a ker\u00e9kp\u00e1rt a k\u00f6lcs\u00f6nz\u00e9s megkezd\u00e9sekor \u00e1tn\u00e9zni, hogy a ker\u00e9kp\u00e1ron tal\u00e1lhat\u00f3 esetleges s\u00e9r\u00fcl\u00e9seket r\u00f6gz\u00edthess\u00e9k a szerz\u0151d\u00e9sben (fot\u00f3 k\u00e9sz\u00fcl r\u00f3la).<br \/>\n5. K\u00f6lcs\u00f6nz\u00e9si d\u00edj, kauci\u00f3, k\u00e9sedelmi d\u00edj<br \/>\nB\u00e9rleti d\u00edjak mag\u00e1n c\u00e9lra:<br \/>\nElektromos mountainbike: 16.000 Ft\/ 1 nap (nyitva tart\u00e1si id\u0151ben elvitt \u00e9s visszahozott 10-18 \u00f3ra k\u00f6z\u00f6tti id\u0151szakban).<br \/>\nKauci\u00f3: 100.000 Ft \/ ker\u00e9kp\u00e1r.<br \/>\nA k\u00f6lcs\u00f6nz\u00e9s eset\u00e9n a ker\u00e9kp\u00e1rt elvinni \u00e9s visszahozni a k\u00f6lcs\u00f6nz\u00e9s napj\u00e1n lehet, 10-18 \u00f3ra k\u00f6z\u00f6tt. Amennyiben a k\u00f6lcs\u00f6nz\u00e9si id\u0151szak el\u0151tti napon szeretn\u00e9k elvinni a ker\u00e9kp\u00e1rt \u00e9s\/vagy a k\u00f6lcs\u00f6nz\u00e9si id\u0151szak lej\u00e1rta ut\u00e1ni napon szeretn\u00e9k visszahozni, erre lehet\u0151s\u00e9g van, de egyedi p\u00f3td\u00edjat<br \/>\nsz\u00e1m\u00edtunk fel \u00e9rte.<br \/>\nA k\u00f6lcs\u00f6nz\u00e9s megkezd\u00e9se el\u0151tt, el\u0151re nem meg\u00e1llapodott id\u0151szakon t\u00fali k\u00e9sedelmes visszahozatal eset\u00e9n p\u00f3td\u00edjat sz\u00e1m\u00edtunk fel. A p\u00f3td\u00edj ilyen esetben mindig egy \u00fajabb megkezdett napot (annak az eredeti k\u00f6lcs\u00f6nz\u00e9si d\u00edjhoz viszony\u00edtott k\u00fcl\u00f6nb\u00f6zet\u00e9t) jelenti.<br \/>\nA kauci\u00f3 a ker\u00e9kp\u00e1r visszahozatalakor visszafizet\u00e9sre ker\u00fcl, amennyiben a ker\u00e9kp\u00e1r s\u00e9r\u00fcl\u00e9smentes \u00e1llapotban van. A kauci\u00f3 minden esetben k\u00e9szp\u00e9nzben fizetend\u0151.\n<strong>6. A b\u00e9rl\u0151k k\u00f6telezetts\u00e9gei<\/strong> a ker\u00e9kp\u00e1r haszn\u00e1lata<br \/>\nA b\u00e9rbead\u00f3 a b\u00e9rl\u0151t t\u00e1j\u00e9koztatja a ker\u00e9kp\u00e1r szakszer\u0171 \u00e9s k\u00edm\u00e9letes haszn\u00e1lati m\u00f3dj\u00e1r\u00f3l. A b\u00e9rl\u0151 k\u00f6telezi mag\u00e1t arra, hogy a b\u00e9relt ker\u00e9kp\u00e1rt ennek megfelel\u0151en, k\u00edm\u00e9letesen \u00e9s szakszer\u0171en fogja haszn\u00e1lni.<br \/>\nA b\u00e9rl\u0151 kijelenti, hogy tiszt\u00e1ban van ez elektromos ker\u00e9kp\u00e1r menettulajdons\u00e1gaival (gyorsul\u00e1s, elektromotor r\u00e1seg\u00edt\u00e9s\u00e9nek m\u00e9rt\u00e9ke), haszn\u00e1lati m\u00f3dj\u00e1val (r\u00e1seg\u00edt\u00e9s \u00e1ll\u00edt\u00e1sa, v\u00e1lt\u00e1s fontoss\u00e1ga, akkumul\u00e1tor t\u00f6lt\u00e9se, stb.) \u00e9s lehet\u0151s\u00e9geivel.<br \/>\nA b\u00e9rl\u0151 k\u00f6telezi mag\u00e1t arra, hogy maxim\u00e1lis gondoss\u00e1ggal j\u00e1r el a b\u00e9relt ker\u00e9kp\u00e1r biztons\u00e1ga \u00e9rdek\u00e9ben. A ker\u00e9kp\u00e1rt minden esetben gondosan t\u00e1rolja, ha nem haszn\u00e1lja, lelakatolja \u00e9s mindent megtesz a lop\u00e1s elker\u00fcl\u00e9se ellen.<br \/>\nA b\u00e9rl\u0151 a lehet\u0151 legnagyobb gondoss\u00e1ggal sz\u00e1ll\u00edtja a ker\u00e9kp\u00e1rt \u00e9s a sz\u00e1ll\u00edt\u00e1s alatt tudom\u00e1sul veszi az elektromos ker\u00e9kp\u00e1r s\u00faly\u00e1b\u00f3l ad\u00f3d\u00f3 k\u00f6telezetts\u00e9geket (megfelel\u0151 ker\u00e9kp\u00e1rsz\u00e1ll\u00edt\u00f3 haszn\u00e1lata).<br \/>\nA b\u00e9rl\u0151 tudom\u00e1sul veszi, hogy a ker\u00e9kp\u00e1rokat az adott orsz\u00e1gban \u00e9rv\u00e9nyes k\u00f6zleked\u00e9si szab\u00e1lyok szerint k\u00f6teles haszn\u00e1lni. A szab\u00e1lyok megs\u00e9rt\u00e9se eset\u00e9n a felel\u0151ss\u00e9g teljes m\u00e9rt\u00e9kben a b\u00e9rl\u0151t terheli, az abb\u00f3l ered\u0151 k\u00e1rokat \u00f6n\u00e1ll\u00f3an viseli.<br \/>\nA b\u00e9rl\u0151 v\u00e1llalja \u00e9s kijelenti, hogy mind eg\u00e9szs\u00e9g\u00fcgyileg, mind testileg \u00e9s szellemileg alkalmas a saj\u00e1t felel\u0151ss\u00e9gre t\u00f6rt\u00e9n\u0151 ker\u00e9kp\u00e1roz\u00e1sra, illetve k\u00e9pes az Boebi Bike-t\u00f3l k\u00f6lcs\u00f6nz\u00f6tt elektromos ker\u00e9kp\u00e1rt rendeltet\u00e9sszer\u0171en haszn\u00e1lni, tiszt\u00e1ban van annak m\u00f3dj\u00e1val.\n<p>A b\u00e9rl\u0151 v\u00e1llalja \u00e9s kijelenti, hogy a b\u00e9relt ker\u00e9kp\u00e1r haszn\u00e1lata k\u00f6zben elszenvedett b\u00e1rmilyen esetleges s\u00e9r\u00fcl\u00e9s eset\u00e9n az ell\u00e1t\u00e1s \u00e9s a gy\u00f3gy\u00edt\u00e1s anyagi terh\u00e9t \u00f6n\u00e1ll\u00f3an viseli. A b\u00e9rl\u0151 v\u00e1llalja \u00e9s kijelenti, hogy a b\u00e9rl\u00e9s alatt \u00f6nmaga gondoskodik saj\u00e1t maga biztos\u00edt\u00e1s\u00e1r\u00f3l (eg\u00e9szs\u00e9g, vagyon \u00e9s felel\u0151ss\u00e9g).<\/p>\n<strong>7. S\u00e9r\u00fcl\u00e9s, elveszt\u00e9s, rong\u00e1l\u00e1s, hi\u00e1nyos visszaad\u00e1s<\/strong><br \/>\nA B\u00e9rl\u0151 tudom\u00e1sul veszi, hogy a ker\u00e9kp\u00e1rok biztos\u00edt\u00e1ssal nem rendelkeznek.<br \/>\nA B\u00e9rl\u0151 tudom\u00e1sul veszi, hogy a ker\u00e9kp\u00e1ron tal\u00e1lhat\u00f3 esetleges s\u00e9r\u00fcl\u00e9seket az Boebi Bike<br \/>\nterh\u00e9re csak akkor lehet elsz\u00e1molni, ha a b\u00e9rl\u0151 a l\u00e1that\u00f3 s\u00e9r\u00fcl\u00e9seket haszn\u00e1lat megkezd\u00e9s\u00e9ig jelzi a szolg\u00e1ltat\u00f3nak \u00e9s azt bevezetik a b\u00e9rleti szerz\u0151d\u00e9sbe.<br \/>\nA B\u00e9rl\u0151 k\u00f6telezi mag\u00e1t, hogy a ker\u00e9kp\u00e1rokat a b\u00e9rl\u00e9si id\u0151szak lej\u00e1rta ut\u00e1n az Boebi Bike k\u00e9pvisel\u0151je r\u00e9sz\u00e9re ugyanolyan \u00e1llapotban adja vissza, ahogy kapta.<br \/>\nA b\u00e9rl\u0151 tudom\u00e1sul veszi, hogy a ker\u00e9kp\u00e1r s\u00e9r\u00fcl\u00e9se vagy valamilyen alkatr\u00e9sz\u00e9nek hi\u00e1nya esetleg nem megfelel\u0151 m\u0171k\u00f6d\u00e9se eset\u00e9n a b\u00e9rl\u0151 k\u00f6teles megt\u00e9r\u00edteni az okozott k\u00e1rt vagy a hi\u00e1nyz\u00f3, nem megfelel\u0151en m\u0171k\u00f6d\u0151 alkatr\u00e9sz \u00e1r\u00e1t. A k\u00e1r m\u00e9rt\u00e9k\u00e9t a b\u00e9rbead\u00f3 a\u00a0 forgalmaz\u00f3val egyeztetve \u00e1llap\u00edtja meg.<br \/>\nAmennyiben a ker\u00e9kp\u00e1r oly m\u00e9rt\u00e9kben s\u00e9r\u00fclt, hogy nem jav\u00edthat\u00f3, vagy a ker\u00e9kp\u00e1r elveszett, a b\u00e9rl\u0151 a kauci\u00f3t nem kapja vissza \u00e9s a k\u00f6teles a ker\u00e9kp\u00e1r teljes \u00e1r\u00e1t megt\u00e9r\u00edteni. B\u00e9rbead\u00f3 az ezt meghalad\u00f3 egy\u00e9b k\u00e1r\u00e1t is \u00e9rv\u00e9nyes\u00edti B\u00e9rl\u0151vel szemben.<br \/>\nB\u00e9rl\u0151 tudom\u00e1sul veszi, hogy a ker\u00e9kp\u00e1rban vagy a ker\u00e9kp\u00e1rral m\u00e1snak okozott k\u00e1rok\u00e9rt teljes anyagi felel\u0151ss\u00e9ggel tartozik.<br \/>\nD.I.B. Nonprofit Kft. t\u00e1j\u00e9koztatja a b\u00e9rl\u0151it, hogy kiskor\u00faak esetleges r\u00e9szv\u00e9tele eset\u00e9n azok<br \/>\nmagatart\u00e1s\u00e1\u00e9rt els\u0151sorban a jelenl\u00e9v\u0151 feln\u0151tt k\u00eds\u00e9r\u0151j\u00fck, annak hi\u00e1ny\u00e1ban pedig a ker\u00e9kp\u00e1rt b\u00e9rl\u0151 a felel\u0151s.\n<strong>8. B\u00e9rlet megsz\u0171n\u00e9se<\/strong><br \/>\nA jogviszony megsz\u0171n\u00e9sekor a B\u00e9rl\u0151 a ker\u00e9kp\u00e1rt rendeltet\u00e9sszer\u0171 \u00e1llapotban k\u00f6teles visszaadni, alkatr\u00e9szeivel \u00e9s a k\u00f6lcs\u00f6nz\u00f6tt egy\u00e9b eszk\u00f6z\u00f6kkel egy\u00fctt.<br \/>\nA b\u00e9rlet megsz\u0171nt\u00e9t a felek \u00edr\u00e1sban r\u00f6gz\u00edtik.\n\n<\/div><!-- .vgblk-rw-wrapper -->","protected":false},"excerpt":{"rendered":"<p>Jelen \u00c1ltal\u00e1nos Szerz\u0151d\u00e9si Felt\u00e9telek Elektromos ker\u00e9kp\u00e1rok b\u00e9rbead\u00e1s\u00e1hoz tartalmazz\u00e1k a Boebi Bike brandet kiszolg\u00e1l\u00f3 D.I.B. Nonprofit Kft. (c\u00e9gjegyz\u00e9ksz\u00e1m: 13 09 180202, ad\u00f3sz\u00e1m: 25517682-2-13, sz\u00e9khely: 2631 Ipolydam\u00e1sd, F\u0151 \u00fat 16.,tov\u00e1bbiakban: Boebi Bike)&#8230;<\/p>\n","protected":false},"author":4,"featured_media":0,"parent":0,"menu_order":0,"comment_status":"closed","ping_status":"closed","template":"","meta":{"inline_featured_image":false,"footnotes":""},"class_list":["post-3","page","type-page","status-publish","hentry"],"jetpack_sharing_enabled":true,"_links":{"self":[{"href":"https:\/\/boebi.hu\/index.php\/wp-json\/wp\/v2\/pages\/3","targetHints":{"allow":["GET"]}}],"collection":[{"href":"https:\/\/boebi.hu\/index.php\/wp-json\/wp\/v2\/pages"}],"about":[{"href":"https:\/\/boebi.hu\/index.php\/wp-json\/wp\/v2\/types\/page"}],"author":[{"embeddable":true,"href":"https:\/\/boebi.hu\/index.php\/wp-json\/wp\/v2\/users\/4"}],"replies":[{"embeddable":true,"href":"https:\/\/boebi.hu\/index.php\/wp-json\/wp\/v2\/comments?post=3"}],"version-history":[{"count":2,"href":"https:\/\/boebi.hu\/index.php\/wp-json\/wp\/v2\/pages\/3\/revisions"}],"predecessor-version":[{"id":987935,"href":"https:\/\/boebi.hu\/index.php\/wp-json\/wp\/v2\/pages\/3\/revisions\/987935"}],"wp:attachment":[{"href":"https:\/\/boebi.hu\/index.php\/wp-json\/wp\/v2\/media?parent=3"}],"curies":[{"name":"wp","href":"https:\/\/api.w.org\/{rel}","templated":true}]}}